{"id":19,"date":"2024-01-22T17:21:30","date_gmt":"2024-01-22T17:21:30","guid":{"rendered":"https:\/\/verlag-lindenstruth.de\/?page_id=19"},"modified":"2024-02-12T05:42:10","modified_gmt":"2024-02-12T05:42:10","slug":"agb-impressum","status":"publish","type":"page","link":"https:\/\/verlag-lindenstruth.de\/?page_id=19","title":{"rendered":"AGB \/ Impressum"},"content":{"rendered":"\n<p class=\"has-text-align-center wp-block-paragraph\"><strong>Allgemeine Gesch\u00e4ftsbedingungen \/ Impressum<\/strong><br><\/p>\n\n\n\n<p class=\"has-text-align-center has-medium-font-size wp-block-paragraph\"><strong>VERLAG LINDENSTRUTH<\/strong><br>GERHARD G. LINDENSTRUTH<br>Nelkenweg 12<br>D-35396 Giessen<br>e-mail: <a href=\"mailto:ggl@Verlag-Lindenstruth.de\">ggl@Verlag-Lindenstruth.de<\/a><br>Tel.: 0641-394250<br>Fax: +4932223778060<br>USt-IdNr: DE 200794129<br>Verkehrsnr. 97592<\/p>\n\n\n\n<p class=\"has-text-align-center wp-block-paragraph\">Dieses Impressum gilt auch f\u00fcr die Facebook-Seite:<br><a href=\"http:\/\/www.facebook.com\/pages\/Verlag-Lindenstruth\/185568521498725\" data-type=\"link\" data-id=\"www.facebook.com\/pages\/Verlag-Lindenstruth\/185568521498725\">www.facebook.com\/pages\/Verlag-Lindenstruth\/185568521498725<\/a><br>Verantwortlich f\u00fcr Inhalt und Gestaltung der Seiten:<br>Gerhard G. Lindenstruth<br>Die Rechte f\u00fcr die Bilder der Galerie liegen bei den jeweiligen K\u00fcnstlern.<br>F\u00fcr die Inhalte der verlinkten Seiten sind deren Urheber verantwortlich. Falls sich dort trotz \u00dcberpr\u00fcfung unsererseits Inhalte finden sollten, die gegen geltende Gesetze versto\u00dfen, so distanzieren wir uns von diesen Inhalten und bitten ggf. um eine kurze Information. Wir werden dann den entsprechenden Link umgehend von unserer Seite entfernen.<\/p>\n\n\n\n<p class=\"wp-block-paragraph\"><strong>Preise und Versandkosten<\/strong><br>Alle Preise in diesem Internetangebot verstehen sich einschlie\u00dflich der gesetzlichen Mehrwertsteuer (derzeit 7%, [vom 1.7.2020-31.12.2020: 5%]) und inklusive der Versandkosten.<br>Bei Sendungen ins Ausland werden pauschal 4,00 EUR Versandkosten je Buch berechnet.<br><\/p>\n\n\n\n<p class=\"wp-block-paragraph\"><strong>Vertragsabschluss<\/strong><br>Mit dem Absenden der Bestell-E-Mail unterbreitet der Besteller dem Verk\u00e4ufer ein bindendes Angebot zum Abschluss eines Vertrages, welchen der Verk\u00e4ufer durch die Sendung einer Vorausrechnung oder der Ware mit beiliegender Rechnung annimmt. Die Annahme des Vertrags bleibt insofern vorbehaltlich, falls Titel zwischenzeitlich vergriffen sein sollten.<br>Widerrufsrecht<br>Sie k\u00f6nnen Ihre Vertragserkl\u00e4rung innerhalb von einem Monat ohne Angabe von Gr\u00fcnden in Textform (z. B. Brief, Fax, E-Mail) oder &#8211; wenn Ihnen die Ware vor Fristablauf \u00fcberlassen wird &#8211; durch R\u00fccksendung der Ware widerrufen. Die Frist beginnt nach Erhalt dieser Belehrung in Textform, jedoch nicht vor Eingang der Ware beim Empf\u00e4nger (bei der wiederkehrenden Lieferung gleichartiger Waren nicht vor Eingang der ersten Teillieferung) und auch nicht vor Erf\u00fcllung unserer Informationspflichten gem\u00e4\u00df \u00a7 312c Abs. 2 BGB in Verbindung mit \u00a7 1 Abs. 1, 2 und 4 BGB-InfoV sowie unserer Pflichten gem\u00e4\u00df \u00a7 312e Abs. 1 Satz 1 BGB in Verbindung mit \u00a7 3 BGB-InfoV. Zur Wahrung der Widerrufsfrist gen\u00fcgt die rechtzeitige Absendung des Widerrufs oder der Ware.<br>Der Widerruf ist zu richten an:<br>VERLAG LINDENSTRUTH, GERHARD G. LINDENSTRUTH<br>Nelkenweg 12, D-35396 Giessen<br>Fax: +4932223778060<br>e-mail: ggl@Verlag-Lindenstruth.de<br><\/p>\n\n\n\n<p class=\"wp-block-paragraph\"><strong>Widerrufsfolgen<\/strong><br>Im Falle eines wirksamen Widerrufs sind die beiderseits empfangenen Leistungen zur\u00fcckzugew\u00e4hren und ggf. gezogene Nutzungen (z.B. Zinsen) herauszugeben. K\u00f6nnen Sie uns die empfangene Leistung ganz oder teilweise nicht oder nur in verschlechtertem Zustand zur\u00fcckgew\u00e4hren, m\u00fcssen Sie uns insoweit ggf. Wertersatz leisten. Bei der \u00dcberlassung von Waren gilt dies nicht, wenn die Verschlechterung der Sache ausschlie\u00dflich auf deren Pr\u00fcfung &#8211; wie sie Ihnen etwa im Ladengesch\u00e4ft m\u00f6glich gewesen w\u00e4re &#8211; zur\u00fcckzuf\u00fchren ist. F\u00fcr eine durch die bestimmungsgem\u00e4\u00dfe Ingebrauchnahme der Ware entstandene Verschlechterung m\u00fcssen Sie keinen Wertersatz leisten.<br>Paketversandf\u00e4hige Waren sind auf unsere Gefahr zur\u00fcckzusenden. Sie haben die Kosten der R\u00fccksendung zu tragen, wenn die gelieferte Ware der bestellten entspricht und wenn der Preis der zur\u00fcckzusendenden Sache einen Betrag von 40 Euro nicht \u00fcbersteigt oder wenn Sie bei einem h\u00f6heren Preis der Sache zum Zeitpunkt des Widerrufs noch nicht die Gegenleistung oder eine vertraglich vereinbarte Teilzahlung erbracht haben. Anderenfalls ist die R\u00fccksendung f\u00fcr Sie kostenfrei. Nicht paketversandf\u00e4hige Sachen werden bei Ihnen abgeholt. Verpflichtungen zur Erstattung von Zahlungen m\u00fcssen innerhalb von 30 Tagen erf\u00fcllt werden. Die Frist beginnt f\u00fcr Sie mit der Absendung Ihrer Widerrufserkl\u00e4rung oder der Ware, f\u00fcr uns mit deren Empfang.<br>Bitte beachten!<br>Bitte f\u00fcgen Sie postalischen Bestellungen keine Zahlung bei, da nicht immer alles noch lieferbar ist. Die B\u00fccher werden nach Zahlung einer Vorausrechnung verschickt.<br><\/p>\n\n\n\n<p class=\"wp-block-paragraph\"><strong>Lieferfristen<\/strong><br>Nach Eingang der Zahlung werden die B\u00fccher umgehend verschickt. Bitte ber\u00fccksichtigen Sie, da\u00df die Laufzeiten von B\u00fcchersendungen durchaus einmal 10-14 Tage betragen k\u00f6nnen.<br><\/p>\n\n\n\n<p class=\"wp-block-paragraph\"><strong>Datenschutz<\/strong><br>Der Besteller erm\u00e4chtigt den Verlag Lindenstruth, die im Zusammenhang mit der Gesch\u00e4ftsbeziehung erhaltenen Daten \u00fcber den Kunden im Sinne der Datenschutzgesetze zu verarbeiten, zu speichern und auszuwerten.<br>Die Kundendaten werden nicht weitergegeben und ausschlie\u00dflich zu Zwecken der Abrechnung verwendet und bei eventuellen Reklamationen. Die e-mail-Adresse des Bestellers wird nur f\u00fcr Informations- und Rechnungsschreiben zu den Bestellungen verwendet.<br>Verlagsinformationen per e-mail erhalten Kunden nur auf ausdr\u00fccklichen Wunsch. Dieser Wunsch kann jederzeit formlos widerrufen werden.<br>Der Besteller hat ein Recht auf Auskunft sowie ein Recht auf Berichtigung, Sperrung und L\u00f6schung seiner gespeicherten Daten.<\/p>\n","protected":false},"excerpt":{"rendered":"<p>Allgemeine Gesch\u00e4ftsbedingungen \/ Impressum VERLAG LINDENSTRUTHGERHARD G. LINDENSTRUTHNelkenweg 12D-35396 Giessene-mail: ggl@Verlag-Lindenstruth.deTel.: 0641-394250Fax: +4932223778060USt-IdNr: DE 200794129Verkehrsnr. 97592 Dieses Impressum gilt auch f\u00fcr die Facebook-Seite:www.facebook.com\/pages\/Verlag-Lindenstruth\/185568521498725Verantwortlich f\u00fcr Inhalt und Gestaltung der Seiten:Gerhard G. LindenstruthDie Rechte f\u00fcr die Bilder der Galerie liegen bei den jeweiligen K\u00fcnstlern.F\u00fcr die Inhalte der verlinkten Seiten sind deren Urheber verantwortlich. Falls sich dort trotz \u00dcberpr\u00fcfung unsererseits Inhalte finden sollten, die gegen geltende Gesetze versto\u00dfen, so distanzieren wir uns von diesen Inhalten und bitten ggf. um eine kurze Information. Wir werden dann den entsprechenden Link umgehend von unserer Seite entfernen. Preise und VersandkostenAlle Preise in diesem Internetangebot verstehen sich einschlie\u00dflich der gesetzlichen Mehrwertsteuer (derzeit 7%, [vom 1.7.2020-31.12.2020: 5%]) und inklusive&hellip; <a class=\"read-more\" href=\"https:\/\/verlag-lindenstruth.de\/?page_id=19\">Mehr Lesen<\/a><\/p>\n","protected":false},"author":1,"featured_media":0,"parent":0,"menu_order":0,"comment_status":"closed","ping_status":"closed","template":"","meta":{"_crdt_document":"","_themeisle_gutenberg_block_has_review":false,"footnotes":""},"class_list":["post-19","page","type-page","status-publish","hentry"],"_links":{"self":[{"href":"https:\/\/verlag-lindenstruth.de\/index.php?rest_route=\/wp\/v2\/pages\/19","targetHints":{"allow":["GET"]}}],"collection":[{"href":"https:\/\/verlag-lindenstruth.de\/index.php?rest_route=\/wp\/v2\/pages"}],"about":[{"href":"https:\/\/verlag-lindenstruth.de\/index.php?rest_route=\/wp\/v2\/types\/page"}],"author":[{"embeddable":true,"href":"https:\/\/verlag-lindenstruth.de\/index.php?rest_route=\/wp\/v2\/users\/1"}],"replies":[{"embeddable":true,"href":"https:\/\/verlag-lindenstruth.de\/index.php?rest_route=%2Fwp%2Fv2%2Fcomments&post=19"}],"version-history":[{"count":4,"href":"https:\/\/verlag-lindenstruth.de\/index.php?rest_route=\/wp\/v2\/pages\/19\/revisions"}],"predecessor-version":[{"id":485,"href":"https:\/\/verlag-lindenstruth.de\/index.php?rest_route=\/wp\/v2\/pages\/19\/revisions\/485"}],"wp:attachment":[{"href":"https:\/\/verlag-lindenstruth.de\/index.php?rest_route=%2Fwp%2Fv2%2Fmedia&parent=19"}],"curies":[{"name":"wp","href":"https:\/\/api.w.org\/{rel}","templated":true}]}}